be v(-1). Let o be (4/(-6))/(18/s). Let x be c(o). Let z(d) = 5*d + 1. Determine z(x).
-4
Suppose 53*s = 61*s - 16. Let l(d) = -4*d - d**2 + d + 4*d**2 + 2 - 4*d**s. What is l(1)?
-2
Let q = -1585 + 1586. Let b(w) = 12*w - 1. What is b(q)?
11
Let v(y) = -3*y**2 - 11*y - 2. Suppose -94 = 10*s - 64. Give v(s).
4
Let b(q) be the third derivative of -7/6*q**3 - 4*q**2 - 1/60*q**5 + 0*q**4 + 0 + 0*q. Let u(p) = p**3 - 3*p**2 - 21*p. Let s be u(0). Give b(s).
-7
Suppose 0 = -3*c - 4*j - 7, -j - 13 = -c - 2*c. Let x(m) = 17*m - m**c - 36*m + 21*m - 4*m**2 + 1 + 4. Determine x(-4).
-3
Let r(q) = 15*q**2 - 75*q + 13. Suppose -79*z = 82*z - 10*z - 755. Calculate r(z).
13
Let r be (-2)/((-21)/3 - -6). Let h(c) = -1 + 0*c - 6*c - 6 + 8 - r. Give h(-7).
41
Let y be 40/15 - (-1)/3. Suppose -y*i - 3*w = -18, 5*i + 3*w = 6*w + 14. Let j(t) = -t**2 + 2*t + 5. Calculate j(i).
-3
Let f be -5 + ((-3)/6 - ((-105)/(-10) + -7)). Let d(x) = -6*x**3 - 7*x**2 + 10 + 3 + 19*x - 3 + 5*x**3. What is d(f)?
1
Let q(m) = m**3 - 2*m**2 + 2. Let z(r) = -r + 1. Let t(k) = 3*k - 1. Let d(x) = t(x) - 3*z(x). Let g be (14 - 16)/((-2)/(3 + -2)). Let p be d(g). Give q(p).
2
Let d be (8/12)/(14/(-21)). Let m be (2/6*d)/((-2)/6). Let k(b) = -22*b**2 - b. Calculate k(m).
-23
Let v = -123 - -146. Let s(b) = 3 + b**2 + 21*b + 40*b + 38*b - 105*b + v*b. Calculate s(-17).
3
Suppose 5*o - 36 - 4 = 0. Let i(c) = -4 - o*c**2 - 9*c + 50*c**2 - 16*c**2 - 14*c**2 - 13*c**2. Give i(-10).
-14
Let s(x) = -14*x - 204. Let c(l) = 11*l + 136. Let a(o) = 7*c(o) + 5*s(o). Calculate a(14).
30
Let n(p) = -p**3 - 24*p**2 + 84*p + 90. Let q = -18719 - -18692. What is n(q)?
9
Let o(x) = -97*x + 1. Suppose -h + 19 = -5*n, -4*n + 2*n = -2*h + 6. Give o(h).
98
Let s(n) = 4*n - 22. Let m be s(13). Suppose -4*f - 2*i - 15 = -9*f, -f + m = 5*i. Let j(t) = 0 - 23 + t**2 + 4*t**3 - f*t**3 - t. What is j(0)?
-23
Let v(y) be the second derivative of y**5/20 + y**4/12 - 2*y**3/3 - 4*y**2 - 2665*y. What is v(0)?
-8
Let g(l) = l**3 + 20*l**2 + 19*l - 9. Let m(q) = -55*q + 1026. Let p be m(19). What is g(p)?
-9
Let o be (-11)/(66/24) - -36. Let h be (70/(-2))/(0 + -1). Let k(r) = -o*r - 6 + 2 + h*r - 2. Calculate k(5).
9
Suppose -4*v - 7 = -3*a + 57, -5*v - 3 = -a. Let w(z) = -a - 35 + z + 93 - 33. Calculate w(0).
-3
Let f(t) = 89*t + 53 - 94*t - 164. Let x be f(-21). Let m(d) = 3*d + 2*d**2 - d**2 + 3*d - 5. Calculate m(x).
-5
Let m be 206/16 - 5/(-280)*7. Let r(a) = a**3 - 12*a**2 - 13*a + 3. What is r(m)?
3
Suppose 3*g - 5*j = 7*g - 35, 5*j = 3*g. Let s(b) = 2*b + 7. Let m(z) = z + 6. Let h(u) = -5*m(u) + 4*s(u). Determine h(g).
13
Let x(b) = 80*b - 57. Let n(u) = -19*u - 2. Let y(k) = 4*n(k) + x(k). Give y(26).
39
Let d(q) = 5*q**3 - 10*q**2 + q - 2. Let i(c) = -11*c**3 + 21*c**2 - 3*c + 4. Let w(x) = -13*d(x) - 6*i(x). Suppose -285*a + 302*a = -68. What is w(a)?
-18
Let w(i) be the first derivative of 25/4*i**4 + 0*i**2 - 68 + 1/3*i**3 + 0*i. Give w(1).
26
Let t(j) be the first derivative of -j**4/4 + 10*j**3 - 57*j**2/2 + 4*j + 4735. Determine t(2).
2
Suppose -4*r + 11 + 1 = 0. Let u(t) = -5*t - 3. Let m(c) = 4*c - 5*c - 4 - 3*c. Let j(x) = r*m(x) - 2*u(x). Calculate j(-5).
4
Let l(a) be the first derivative of -a**4/4 - 2*a**3/3 - 3*a**2/2 - a + 16. Calculate l(-1).
1
Let x(l) = -86 - 78 - 59*l - 64*l + 180 + 121*l. Determine x(3).
10
Suppose -61*l - 185 - 31 = 11*l. Let p(n) = 2*n**2 + 6*n + 5. Determine p(l).
5
Suppose 575 = 122*h - 157. Let y(f) = 12*f**3 - 72*f**2 - 3*f + 4. What is y(h)?
-14
Let a(z) = 5*z + z + z**2 - 8*z - 67 - z**3 + 80 + 4*z**3. Determine a(-3).
-53
Suppose 79*g = -75*g - 2657 + 347. Let a(z) = -9*z - 125. Give a(g).
10
Let s = -42809 - -42802. Let k(g) = g - 3*g - 5 + g. Calculate k(s).
2
Let h(q) = -4*q + 16. Let z(y) = -2*y**2 - 82*y + 4. Let n be z(-41). Determine h(n).
0
Let r(a) = a**2 + 4*a - 9. Let n be r(3). Let j(c) = 2*c - 22. Let m be j(n). Let o(y) = -14 - 4*y**2 + 3*y**2 - y**2 + y**m. Give o(0).
-14
Let n(f) = -f**3 + 6*f**2 + 15*f + 13. Suppose 27 = 4*s + j, -6*j = 5*s - 2*j - 20. Calculate n(s).
5
Suppose 6*d + 55 = d. Let u(v) = 12*v**2 + 7 + 1 + 13*v + 12 + v**3 - 9 + 1. Determine u(d).
-10
Suppose 20 + 478 = 3*z. Let q = z - 114. Let h(j) = j**3 + q - 112 - j**2 + 57 - 3*j. Determine h(-2).
-9
Let y be (6/(-14) + 195/63)/(16/12). Let c be (-40)/(-18) - 2/9. Let h(j) = j**2 + 2*j - 4*j**2 + 4*j**c. Give h(y).
8
Let l(t) = -2*t**2 - 8*t + 3 + t**2 + 7*t. Let s be ((-10)/(-25))/(4/(-20))*(-57)/(-38). Determine l(s).
-3
Let s(w) be the third derivative of w**5/60 + 5*w**4/6 - 13*w**3/6 - 47666*w**2. Suppose 0 = -10*o + 5*o - 105. Give s(o).
8
Let i(x) = -24*x + 2584. Let l be i(108). Let v(t) be the first derivative of t**2/2 + 6*t + 5. Calculate v(l).
-2
Let t(f) = -f**2 - f. Let c(a) = -a**3 - 5*a**2 - 3*a - 3. Let d(h) = c(h) - 6*t(h). Let p be (-4 - -41)*1 - 3. Let z = 36 - p. What is d(z)?
-1
Let o(a) be the third derivative of 0*a - 12 - 5*a**2 - 5/6*a**3 - 5/12*a**4. What is o(-5)?
45
Let a(p) = -2561*p + 57 - 2549*p + 5112*p. Give a(-21).
15
Let k(n) = n**3 - 2*n**2 + 102. Let l(s) = 387*s + 1161. Let x be l(-3). Determine k(x).
102
Suppose 0 = u - c - 8, 0*u - 2*c - 1 = 3*u. Let g(h) be the third derivative of h**6/120 + h**5/15 - h**4/6 + 447*h**2. Give g(u).
51
Let p(c) = -2*c - c**3 - 2 + c + 0*c**3 - c**2. Suppose 0 = -5*n - 23 + 33. Let o be 0*(18/(-24))/(3/n). Calculate p(o).
-2
Let x(d) be the second derivative of -343*d**3/6 - d**2 - 7*d. Let o be x(-1). Let y be (-2)/10 - o/(-55). Let a(i) = i**2 - 8*i + 5. What is a(y)?
-7
Suppose -64 = -4*f + r, -9*r + 8*r = f - 11. Suppose -8*y - f = 17. Let w(c) = 6*c - 4. Give w(y).
-28
Suppose -5*k = -k - 4*m - 20, -k - m - 1 = 0. Let d(h) = 14 - 7*h**k - 7*h + 6*h**2 - 7. Calculate d(-8).
-1
Let w(r) = 17*r**2 + 101*r - 12. Let x(y) = 31*y**2 + 183*y - 25. Let z(t) = 11*w(t) - 6*x(t). Let o = 14 + -26. Determine z(o).
6
Suppose 23 = -4*z - 17. Let s(j) be the third derivative of -j**6/120 - 11*j**5/60 - 11*j**4/24 - 11*j**3/6 - 531*j**2 - 2*j - 2. What is s(z)?
-1
Let g(r) = -5*r**3 + 4*r**2 + r + 8. Let l(v) = 2*v**3 - v**2 - 3. Let q(j) = -3*g(j) - 8*l(j). Suppose -5*s + 9*s = 21*s + 34. Give q(s).
-2
Let g(l) = -l**2 + 73*l - 215*l + 67*l + l**3 + 74*l - 3. Suppose -2*t = -t - 3. Give g(t).
12
Let p(b) be the third derivative of 8 - 2/3*b**3 - 5/24*b**4 + 0*b - 1/120*b**6 - 7/60*b**5 - 9*b**2. Give p(-5).
-29
Let n(y) = 26 - 4 - 13 + 36 - 1353*y + 1360*y. What is n(-5)?
10
Let k(y) = -y**3 - 7*y**2 - 11*y - 4. Let i be k(-5). Let s be 1 + i + (32/4)/4. Let m(c) = -83 + 164 + s*c**2 - 81. Calculate m(-1).
4
Let m = -10102 + 10107. Let a(t) = -t**2 + 6 + 0 - 2 + 10*t. Give a(m).
29
Suppose 2*h - 2*k = 34 - 30, -2*k + 10 = 5*h. Let i(s) be the second derivative of 2/3*s**3 + 0 + 1/20*s**5 + 1/6*s**4 + s + 3/2*s**h. Calculate i(-2).
-5
Let b(x) = -7 + x**2 + 3 + 7*x - 6. Let a(h) = -52*h + 252. Let c be a(5). Let d be b(c). Let i(z) = z**3 + 2*z**2 - z + 1. Give i(d).
3
Let q(f) = -f**3 + 7*f**2 + 5*f - 1. Let m(z) = -3*z**2 - 22*z + 22. Let n be m(-8). Determine q(n).
65
Let f = -2537 + 2540. Let v(y) = y. Let a(w) = -6*w + 1. Let z(c) = a(c) + 5*v(c). Let t(k) = -4*k + 3. Let o(i) = t(i) - 6*z(i). What is o(f)?
3
Suppose -14 = 5*a + 3*u - 50, a + u = 8. Suppose -13 = -31*i + 49. Let g(k) = k - 611 + 0*k**2 + 7*k + 607 - k**i. Determine g(a).
8
Let w(y) = y**3 - 5*y**2 + 3*y + 2. Let k be w(3). Let f(c) be the second derivative of 2*c**2 + 27*c - 7/12*c**4 + 1/6*c**3 + 0 - 1/20*c**5. Calculate f(k).
-3
Let v(d) be the second derivative of -d**4/12 + d**3/6 + 29*d**2/2 + 151*d + 6. Determine v(0).
29
Suppose 195*z + 703 + 336 = -716. Let x(m) = 3*m**2 + m**3 + 12*m + 2 + 7*m**2 + 8. Give x(z).
-17
Let x(s) be the first derivative of -s**4/4 - 5*s**3/3 - 2*s**2 - 4*s + 54. Let q = -12 - -9. Give x(q).
-10
Let x(h) be the third derivative of -h**5/60 + 25*h**3/6 + h**2 - 619*h. What is x(5)?
0
Suppose 0 = -z - 5*a - 15, 4*a = -2*z - 12. Let k(t) = -2*t**3 - t + 2*t**3 + z*t**3 - t**3 + 7. Suppose -2*n = n. Give k(n).
7
Let y(j) = j**2 + 111*j + 2326. Let n be y(-83). Let u(x) be the second derivative of -1/12*x**4 + 0 - 7*x + 3/2*x**n + 5/6*x**3. What is u(4)?
7
Let o(p) = p - 64. Let g(j) = 12*j - 756. Let t(q) =